2*y = 26*f - 304, 4*f = -y + 608. Let v = 368 - f. Suppose 4*x - 3*x = 27. Calculate the greatest common factor of x and v.
27
Let u(w) = -27*w - 1. Let y be u(-3). Let r = -74 + y. Let n be r*96/(1 - -3). What is the greatest common divisor of n and 18?
18
Let g be 219 - 4 - 30/6 - (10 + -8). Calculate the highest common factor of 494 and g.
26
Let b = -12788 + 13273. Calculate the highest common factor of 1746 and b.
97
Suppose 2*a + 10*n = 14*n - 18, 4*a - n + 1 = 0. Calculate the highest common divisor of 179 and a.
1
Let m be (964/1205)/((-1)/(-65)). Let p(a) = 5*a**2 - 15*a + 14. Let c be p(-7). Calculate the greatest common factor of c and m.
52
Suppose -y - 148 + 262 = 0. Let p(x) = 4*x**2 - 28*x + 45. Let a be p(12). Calculate the greatest common factor of y and a.
57
Let w = -20596 + 20764. Calculate the highest common factor of w and 54.
6
Let j be -4*(-15)/12 + -2 + -1. Let t(v) = 7*v + 7. Let z be t(j). Suppose 0 = 32*c - 27*c - 35. What is the greatest common factor of c and z?
7
Let o be ((-627)/(-19))/(-2*(-3)/16). What is the highest common factor of 32 and o?
8
Let i be 0 - (-10)/4*22. Let t(l) = -88*l + 2*l**2 + 49*l - 1 + 41*l + 2. Let g be t(1). Calculate the greatest common factor of g and i.
5
Suppose 4*z - 68 = -50*c + 46*c, 3*c + 4*z - 56 = 0. Let r(d) = 9*d - 24. Let s be r(c). Calculate the highest common divisor of s and 105.
21
Let f be 2*(-39)/(-18)*3. Let p be (38/6)/1*(12 - 15). Let a = f - p. Calculate the highest common divisor of a and 224.
32
Let r(h) be the second derivative of h**3/2 - 6*h**2 - 99*h. Let w be r(6). Calculate the greatest common factor of 138 and w.
6
Let s be (50/100)/(-1 - 276/(-272)). Calculate the greatest common divisor of 2176 and s.
34
Let p = -4936 - -5017. Calculate the greatest common factor of p and 180.
9
Let x = 30578 - -531. Calculate the greatest common divisor of 13 and x.
13
Suppose -75*u = 111*u - 166098. Calculate the highest common divisor of 209 and u.
19
Let j = 19 - 8. Let q = 30 - j. Suppose q*h - 9*h = 400. What is the highest common divisor of h and 20?
20
Let o(q) = 2*q**3 + 16*q**2 + 19*q + 35. Let j be o(-7). Let h(b) = -b**2 + 3*b + 8. Let a be h(j). Calculate the highest common factor of 1 and a.
1
Let i be 8 + (6 - 1) - 2. Calculate the highest common factor of i and 27.
1
Suppose -4*c + 152 = -5*s + 994, s = -5*c + 180. Let v = s + 86. Calculate the greatest common factor of v and 8.
8
Let z = -14544 + 15391. Calculate the highest common factor of 539 and z.
77
Let v = -365 - -379. Suppose n - 3 = v. What is the greatest common divisor of 5 and n?
1
Suppose 0 = m + 7*o - 10*o - 47, -5*m = -5*o - 175. Calculate the greatest common divisor of 58 and m.
29
Suppose -92 - 48 = -4*y. Let k = 39 - y. Let m be (13 - k/(-2))*2. Calculate the highest common divisor of m and 210.
30
Let b be (-26)/(-14) + (-1)/(-7). Let a = 25 + -29. Let l be (a - -21) + -4 - b. Calculate the highest common divisor of 121 and l.
11
Let t(b) be the third derivative of -b**6/120 + 11*b**5/60 + b**4/8 + 13*b**3/6 - 5*b**2 - 6. Let i be t(11). What is the highest common factor of 322 and i?
46
Suppose -2*l + 1486 = 4*o - 934, -1231 = -l + 5*o. Let w = -119 - -195. What is the highest common factor of w and l?
76
Suppose 4*q - 1535 = -k, 2*q + 126*k - 770 = 128*k. What is the greatest common factor of q and 1020?
12
Let w be -31*(-451)/22 + (-3)/(-2). Suppose -5*m = 67 - w. Suppose -5*f + 4*p + 380 = -0*f, -4*p - 304 = -4*f. What is the greatest common factor of f and m?
38
Let i = -324 - 123. Let q = i - -708. What is the greatest common divisor of q and 116?
29
Let h = -116 - -4260. Calculate the greatest common factor of 336 and h.
112
Let z = 5384 - 5352. What is the highest common factor of 6544 and z?
16
Let s = -8985 + 8988. What is the highest common factor of s and 38?
1
Suppose 2799*u = 2797*u + 940. Calculate the highest common factor of 1128 and u.
94
Let b = 1509 + -875. Let z = b + -598. Suppose -5*n - 4*o = -1436, 0 = 2*n - 2*o - 0*o - 578. Calculate the greatest common divisor of n and z.
36
Let y(p) = 838*p**3 + p**2 - 28*p + 93. Let w be y(3). Calculate the highest common divisor of w and 37.
37
Suppose -313 = 2*o - 75. Let s = 130 + o. Let l(b) = -2*b**3 + 22*b**2 + 4*b - 14. Let g be l(s). Calculate the greatest common factor of 45 and g.
15
Let t(k) = -3*k + 9. Let o be t(5). Let f be (o*(-3)/9 - 2) + 27. Suppose 0*l = m + 3*l - 6, -4*m = -l - 37. Calculate the greatest common divisor of m and f.
9
Suppose 0 = -6*t + y + 3023, -620 = -5*t + 5*y + 1895. What is the highest common factor of 1624 and t?
56
Let n(s) = -s**2 - 18*s - 17. Let m = -127 + 111. Let p be n(m). What is the greatest common divisor of 6 and p?
3
Let c(x) = x**3 + 6*x**2 + 2*x - 3. Let j be c(-5). Suppose -10*i = -9*i - 6. Let v be (i + 3/(-1))*1. What is the greatest common factor of j and v?
3
Suppose 19*p = 15*p + 100. Suppose p*d - 31*d = -318. Calculate the greatest common factor of 212 and d.
53
Let v = 445 - 125. Let t(j) = -228*j**2 + 1603*j - 9. Let i be t(7). What is the greatest common factor of i and v?
40
Let y(v) = v**3 - 14*v**2 - 13*v - 11. Let t be ((-90)/120)/(1/(-20)). Let f be y(t). What is the greatest common factor of 19 and f?
19
Let y(w) = 32*w + 261. Let t be y(-8). Suppose -3*c - j + 982 = -1678, t*j = 4*c - 3515. Calculate the highest common factor of 15 and c.
15
Let g = 55 - 60. Let f be (-4)/(-1) + (g - -3). Let m be f + ((-870)/(-45))/((-4)/(-6)). What is the highest common divisor of 341 and m?
31
Suppose 7*i - 10*i = -3*j + 510, -2*i = j - 167. Calculate the greatest common factor of 5408 and j.
169
Let x(m) = -6*m + 27. Let y = 33 - 45. Let h be x(y). Suppose 0 = -6*k - 3*k + 81. Calculate the highest common divisor of h and k.
9
Let m(w) = 352*w - 202. Let t be m(1). Calculate the highest common factor of 132 and t.
6
Let q be 14 - (2 + -3 + 3). Let k be 19/(-4)*-16*5/(-20). Let m(i) = -i**2 - 25*i + 42. Let g be m(k). Calculate the highest common factor of g and q.
12
Suppose l + 5*h + 43 = -0*l, 4*h + 85 = -3*l. Let i be -3 - (2/4)/((-12)/2088). Let q = i + l. What is the highest common divisor of 549 and q?
61
Let n(q) = -24*q - 144. Let a = 179 + -197. Let s be n(a). Calculate the greatest common factor of s and 72.
72
Let t be -4 - (3 - -13)*-1. Suppose 383*c - 387*c + 96 = 0. What is the highest common factor of c and t?
12
Suppose -3095 = -3*n + 3742. What is the greatest common divisor of n and 86?
43
Let z = -13 - -22. Suppose 10*h - 7*h - 438 = 0. Suppose p = o + 26, 5*p + 4*o - h + 7 = 0. What is the greatest common divisor of z and p?
9
Let i(o) = 12*o - 39. Let f be i(4). Suppose 22 = l - x, -3*l = -f*x + 10*x - 54. What is the highest common divisor of 247 and l?
19
Suppose -1735*u + 1731*u + 2*o + 4182 = 0, 3*o + 9 = 0. Calculate the highest common factor of 324 and u.
36
Let i = 272 + -269. Let u be ((-50)/(-15) + i)/(3/9). Calculate the highest common factor of u and 247.
19
Let i be -2 + 115/7 + 14 + (-282)/21. What is the greatest common divisor of i and 129?
3
Let x be -3 - (1 + (2 + 384 - 1)). Let v = x + 457. What is the highest common divisor of v and 8?
4
Let l(q) = -8*q + 1. Let n be l(-1). Suppose -7*j - 3*b - 33 = -10*j, j + 5*b - 29 = 0. Let g be (21/j)/(4/24). What is the greatest common factor of g and n?
9
Suppose -10*d - 3*w = -9*d - 7, 4*w + 73 = 3*d. Let i(m) = m**3 - 19*m**2 + 4*m - 66. Let a be i(d). What is the greatest common factor of 18 and a?
2
Let o = -8285 + 8461. What is the highest common factor of o and 1136?
16
Suppose -s + 69 = 2*c, -c + 270*s + 22 = 268*s. What is the highest common factor of 4096 and c?
32
Suppose -4*b + 45 + 715 = 0. Suppose 8688 = 370*f + 274*f - 3548. What is the greatest common factor of b and f?
19
Suppose q + c + 8 = 33, 29 = 2*q - c. What is the highest common divisor of q and 19962?
18
Suppose -1491 - 1668 = -13*s. What is the highest common divisor of s and 3?
3
Let x(u) = 9*u**2 + u - 108. Let j be x(-9). What is the greatest common divisor of 748 and j?
68
Let j = 160 - 146. Let m = -13 - -27. Suppose m = 13*q - 11*q. What is the greatest common divisor of q and j?
7
Let z(q) = 14*q + 748. Suppose -2*w + w = w. Let o be z(w). What is the greatest common factor of 68 and o?
68
Suppose 